 a be u(2). Let c(n) = 2*n - 1. Calculate c(a).
-9
Let f(i) = -2*i**2 - i**3 - 6 + i + 3*i**2 + 0*i + 0*i**2. Calculate f(0).
-6
Let c(v) be the second derivative of -v**4/12 + 7*v**3/6 + 9*v**2/2 - 24*v. What is c(7)?
9
Suppose 4 = 2*r + 4*t, r + 4*t + 0 = 2. Let y be (r/(-4))/(1/(-4)). Suppose -8 = -3*l - y. Let x(m) = 2*m**2 - m + 2. Determine x(l).
8
Let f(o) = -2*o**2 + 2*o - 2. Suppose -1 + 7 = 2*r. Suppose -4*u = y, -4*u - y + 8 = -8*u. Let d = u + r. What is f(d)?
-6
Suppose 5*h - 15 = 4*g - 5*g, -35 = -5*h - 5*g. Suppose 25 = -7*x + h*x, 24 = -s - 5*x. Suppose -5*o = -s - 4. Let n(c) = -4*c. Determine n(o).
-4
Let x(i) = i**2 + i - 1. Suppose w - 3 = n, -2*n + 1 = -3*n - w. Let z be (-15)/n*(-18)/(-15). Let u be 16/z - (-2)/9. Calculate x(u).
5
Let u(c) = -c + 3. Let o(b) = 6*b**3 - 2*b**2 + 2*b - 1. Let r be (2/(-6))/((-2)/6). Let n be o(r). Suppose 2*h - 3 - n = 0. Calculate u(h).
-1
Let q(h) = 6*h**3 + 2*h - 1. Let c be q(1). Let g = 10 - c. Let i(u) be the second derivative of -u**3/2 + 3*u**2/2 + u. Determine i(g).
-6
Let r(d) = -5 - 4*d - 5 + 3 + 10. What is r(2)?
-5
Let k(q) = -2*q**2 + 6*q - 3. Let l = 15 - 26. Suppose 2*o = -6 - 2. Let r(h) = h**2 - 2*h + 1. Let i(v) = l*r(v) + o*k(v). What is i(1)?
-4
Suppose 5*z = 5*y + 55, 4*z + 2 + 2 = -2*y. Let q be (-18)/4*y/(-6). Let v(i) = -i**2 - 6*i + 2. Calculate v(q).
2
Let m(i) = i**2 - 2*i - 14. Let j(r) = 5*r**2 - 11*r - 71. Let t = 5 + 6. Let g(z) = t*m(z) - 2*j(z). Calculate g(0).
-12
Let o(s) be the second derivative of 3*s**5/20 - s**4/12 + s**3/6 - s**2/2 + s. Let p be (10/(-4) + 2)*2. Let c(t) = t**2. Let i be c(p). Calculate o(i).
2
Let u be (3 + -1)/2*4. Let k(b) = 15 - 9 - b - u - 6. Calculate k(-3).
-1
Let c(x) = 3*x + 8. Let v(i) = -4*i - 8. Let z(w) = -3*c(w) - 2*v(w). Calculate z(-4).
-4
Suppose 0 = -2*p + 6, 6 = -3*t + 4*p. Let v(m) = m + 1. Let n(l) = -l**2 - 5*l - 3. Let h(z) = -n(z) - 4*v(z). Determine h(t).
5
Let j(d) = d**2 + 5*d - 6. Let i be (-1)/4 + 1/4. Suppose i = -5*k - 5, o + o + 15 = -5*k. What is j(o)?
-6
Let h(n) = -n. Let g(j) = -j**2 + 9*j + 25. Let z be g(11). Determine h(z).
-3
Suppose g - 2 = -4. Let u(n) be the third derivative of -n**8/20160 + n**6/720 - n**5/30 + n**2. Let o(v) be the third derivative of u(v). What is o(g)?
-3
Suppose -5*t = -5 - 0, -5*j + 8 = -2*t. Let o(y) = -y**j - 2*y - y + 37 - 36. Calculate o(-5).
-9
Let l(y) = -6*y**2 - 8*y. Let u be 12/10 + 1/(-5). Let o(q) = q**2. Let d(g) = u*l(g) + 5*o(g). Determine d(-7).
7
Suppose 4 = -2*b + 3*b. Suppose -4*w + b - 24 = 0. Let i(u) = 2*u - 155 + 322 - 162. What is i(w)?
-5
Let c = 13 + -11. Let f be ((-2 - -2) + c)*2. Let v(n) = n**3 - 3*n**2 - 6*n + 6. What is v(f)?
-2
Let x(a) = 5*a - a**2 + 1 - 10 + 0*a**2 + 5. Let m = -4 + 6. Let d = 5 - m. Determine x(d).
2
Let v(f) = f + 1. Let h(s) = -7 + s**2 + s - 12*s**2 + 2 - 8 + s**3. Let t be h(11). What is v(t)?
-1
Let z(n) = 6*n**3 + n**2. Suppose 9 = -3*a + 2*b - 0*b, 3*b - 10 = a. Give z(a).
-5
Suppose 29 = 4*f - 35. Let g = f - 9. Let s(x) = x - 7. Determine s(g).
0
Suppose 0 = 6*p + 30 - 6. Let n(v) = 3*v**2 + 5*v + 1. Let u(w) = -13*w**2 - 21*w - 5. Let j(a) = 9*n(a) + 2*u(a). Determine j(p).
3
Let v(g) be the first derivative of g**4/4 + 4*g**3 - g**2/2 - 13*g - 61. Determine v(-12).
-1
Let f be 4/14 + (-2)/7. Let a be 0 + 1 + (1 - f). Let z(s) = -2*s + 2*s + 2 - 2*s - 1 - s**3. Calculate z(a).
-11
Let a(z) = 2*z**2 - 5*z + 3. Let f(v) = -v**2 + 3*v + 3. Let m be f(0). Calculate a(m).
6
Let b(d) = 3*d**2 - 1. Let v(z) = 9*z**2 - 4. Let q(m) = 7*b(m) - 2*v(m). Let g be (-2 - -3)*(-2 - -3). Give q(g).
4
Let v(c) = -5 + 4 + 0 - 3 - c. Calculate v(-4).
0
Let t = -17 + 20. Let o(g) = 0*g - t + 2 + 3*g - 5*g. What is o(3)?
-7
Suppose 4*q + 16 = 5*k, -2*q = q + 4*k + 12. Let y(m) = m**2 + 2. Give y(q).
18
Let m(o) = o**3 + 7*o**2 - o - 4. Let u be m(-7). Let k(v) = 4*v - 4 - 7*v + u - 1. Give k(-2).
4
Suppose w = -4*w + 5. Let d(v) = -6*v + 1. Determine d(w).
-5
Let k be (-5)/((2 - 3)/1). Let a(c) = -2*c**3 + 3*c**3 + 4*c**2 - 3*c + c - k. Calculate a(-4).
3
Let h = 7 - 3. Let q be 3 + 1/((-2)/h). Let s(v) = -3*v**3 - v**2 + v - 1. Determine s(q).
-4
Suppose 5*t - 15 = -5. Suppose 0*v + v - 12 = -4*m, t*m - 6 = 3*v. Let u(s) = s. Determine u(m).
3
Let d be 24/16*(-8)/(-6). Let r(w) = -2*w**2 + w + d*w**3 + 3 + w - 3*w**3. Let f(l) = -l**2 + 6*l + 5. Let y be f(7). What is r(y)?
-1
Let i = 3 - -1. Let t(j) = j**2 + 2*j - 1. Let v be t(-3). Let w(n) = 0*n**3 - 3*n**v + n**3 - 2*n + 0*n. Calculate w(i).
8
Let x(t) = -5*t + 0*t**2 + 2*t**2 + 2 + 0*t**2. Let k(p) = -3*p**2 + 10*p - 4. Let h(r) = -3*k(r) - 5*x(r). Calculate h(-6).
-4
Let i = 3 + 2. Let f(l) be the first derivative of -2 + 7*l - 1/2*l**2. Determine f(i).
2
Suppose 2*z + z + 4*y - 1 = 0, -2*y = 4. Suppose -z*i + u = 2*i - 20, 4*i - 32 = 4*u. Let k(r) = 2*r + 1. Determine k(i).
7
Let f(m) = -8*m**2 - 1. Let d(b) = -b**2 + 8*b - 11. Let o(l) = l + 20. Let v be o(-14). Let w be d(v). Determine f(w).
-9
Suppose 3*b + 12 = -0. Let m(w) = -w**3 - 4*w**2 + 4*w. Determine m(b).
-16
Let u(w) = w**2. Suppose -14 = 5*f + 6*a - 2*a, -7 = f + 5*a. Let n = 1 + f. Calculate u(n).
1
Let k(r) = r + 1. Let b be (-16 + 10)*2/2. What is k(b)?
-5
Let a(c) be the first derivative of -c**4/4 - 2*c**3 + 3*c**2 - c - 21. Calculate a(-7).
6
Let q(n) = n + 16. Let j be q(-17). Let i(s) = s**3 - 2*s**2 + 1. What is i(j)?
-2
Let f(n) = -n**2 - 3*n + 1. Let v(g) = 9*g - 5. Let t be v(0). Calculate f(t).
-9
Let t be 3 - 0 - (-2 - -3). Let v(a) = 4*a**2 + 2*a**2 - 1 - a**2 - 4*a**t - 2*a. Let l(g) = 2*g**2 - 3*g + 2. Let f be l(2). Calculate v(f).
7
Let b(p) = -p + 3*p + 1 + p. Suppose -2*h - 4*o + 18 = 3*h, 0 = -h + 2*o - 2. Give b(h).
7
Let p(v) be the first derivative of -v**4/4 + 7*v**3/3 - 5*v**2/2 - 8*v - 1. Suppose 0 = 18*i - 10*i - 48. Determine p(i).
-2
Let p be (-6)/(-15) - (-26)/10. Suppose 0 = -0*l - p*l. Suppose 0 = 3*v - l*v + 9. Let g(h) = -h**2 - 4*h - 3. Give g(v).
0
Let i(z) = z**2 + z**3 - 3 + 3*z + z**2 - 3*z. Give i(-3).
-12
Let h = 1 - 7. Let g = h - -4. Let j(r) = 3*r**3 + 9*r**2 + r + 2. Let v(z) = -3*z**3 - 10*z**2 - z - 2. Let d(b) = -7*j(b) - 6*v(b). Determine d(g).
12
Let a(t) be the first derivative of 4/3*t**3 - 1/4*t**4 - 3/2*t**2 - 4 - 2*t. Determine a(3).
-2
Let h(b) = -b**3 + 5*b**2 + 5. Let w be 2 - 4/((-4)/7). Let n = -4 + w. Give h(n).
5
Let j be (-1)/(-2)*-2 + 1. Let q = j - 2. Let x(a) = -4*a**2 - a + 2. Determine x(q).
-12
Let a(u) = 8 - 6 + 3*u - 2*u + 3*u. Give a(-2).
-6
Suppose 0 = -4*i + 4*f + 36, 12 = -3*i + 7*i + 4*f. Let v(q) = q - 7. Calculate v(i).
-1
Let l(v) = -v**2 - 3*v + 4. Let h be (1/(-3))/(1/12). What is l(h)?
0
Let g(b) = b + 4. Let t be 3 - 2 - (2 - 1 - -8). Give g(t).
-4
Let x(k) = -k**2 + 6 + 0 - 5 + 1. What is x(3)?
-7
Let y(k) = -k**2 + 7*k + 6. Let w(j) = -j**2 + 2*j + 8. Let t be w(0). Give y(t).
-2
Suppose 4*a = -5*x - 28, 4*x + 5*a - a = -24. Let q(w) = -w + 5. Calculate q(x).
9
Let q(v) = -v**3 + 9*v**2 + v + 10. Let c(h) = 2*h**3 - 10*h**2 - 10. Let z(f) = 2*c(f) + 3*q(f). Determine z(-7).
-11
Suppose 0 = -53*v + 48*v - 55. Let t(i) = 2*i + 11. Determine t(v).
-11
Let d(m) = -2*m**2 - 7*m - 6. Suppose 7*p + 8 + 20 = 0. Determine d(p).
-10
Let x = -14 - -20. Let m(r) = 1 - 5*r**3 - 2*r - 2*r**2 - x*r**3 + 10*r**3. Calculate m(-2).
5
Let a(m) = -3*m - 4. Let u be a(-2). Let b(h) = 6 - 2*h - 6 - u*h**2 + 3*h + 8*h**3. Calculate b(1).
7
Let j(h) = h**2 - h + 1. Suppose 3*g - 6 = -0. Suppose x + g*q = -5, -1 = -5*x - 2*q - 2. Calculate j(x).
1
Let y(k) = 2*k - 9. Let c be y(6). Let n(q) = -q**2 + 2*q - 2. What is n(c)?
-5
Let r(g) = 5*g**3 - 13*g**2 - 7*g. Let l(x) = 6*x**3 - 14*x**2 - 8*x + 1. Let t(p) = 6*l(p) - 7*r(p). What is t(-7)?
-1
Let r be 14/((-3 - -1) + 4). Let p(f) = -f + 4. What is p(r)?
-3
Let i(n) = -11*n - 2. Let j(t) = 16*t + 3. Let a(u) = 7*i(u) + 5*j(u). Suppose 6 = -4*f + 22. Let l be (-5)/3 - f/12. Give a(l).
-5
Let g(d) = -8*d**3 + 2*d - 1. Let o be ((-16)/6)/((-12)/18). Suppose o*x + 4 = m + 5, -5 = 5*m + x. Let w be (-4)/4*(-2 - m). What is g(w)?
-7
Suppose 3*i - 3*s - 6 = 0, i + 4*s + 0 - 7 = 0. Suppose -3*d = -0*d - 6. Let r(n) = d + n + 0 + 3 - 4. What is r(i)?
4
Let b(l) be the second derivative of -l**5/20 -